{"id":4621,"date":"2021-09-21T10:07:11","date_gmt":"2021-09-21T10:07:11","guid":{"rendered":"https:\/\/tesoropargo.aytolalaguna.es\/?page_id=4621"},"modified":"2021-09-27T13:40:27","modified_gmt":"2021-09-27T13:40:27","slug":"terminos-y-condiciones_fr","status":"publish","type":"page","link":"https:\/\/tesoropargo.aytolalaguna.es\/inicio\/terminos-y-condiciones_fr\/","title":{"rendered":"Termes et conditions"},"content":{"rendered":"<section class=\"l-section wpb_row height_medium\"><div class=\"l-section-h i-cf\"><div class=\"g-cols vc_row type_default valign_top\"><div class=\"vc_col-sm-12 wpb_column vc_column_container\"><div class=\"vc_column-inner\"><div class=\"wpb_wrapper\"><div class=\"wpb_text_column\" ><div class=\"wpb_wrapper\"><p style=\"text-align: left;\"><span style=\"font-weight: 400;\">1- Le jeu \u201cLe Tr\u00e9sor de Pargo\u201d est un jeu enti\u00e8rement gratuit qui n&#8217;inclut aucun type de publicit\u00e9 ni ne collecte de donn\u00e9es personnelles de l&#8217;utilisateur (au-del\u00e0 de ce que l\u2019utilisateur souhaite partager publiquement sur la page de commentaires et via les cookies d&#8217;utilisation).<\/span><\/p>\n<p style=\"text-align: left;\"><span style=\"font-weight: 400;\">2 \u2013 Toutes les informations qui apparaissent dans le jeu ont \u00e9t\u00e9 valid\u00e9es par des Guides Touristiques Officiels du Gouvernement des \u00eeles Canaries. Ces informations ont \u00e9t\u00e9 adapt\u00e9es et synth\u00e9tis\u00e9es pour le bon d\u00e9veloppement du jeu ; jeu qui ne pr\u00e9tend donc pas \u00eatre un document historique de qualit\u00e9 acad\u00e9mique. Il s&#8217;agit d&#8217;une <\/span><b>interpr\u00e9tation \u00e0 titre informatif du personnage d&#8217;Amaro Pargo<\/b><span style=\"font-weight: 400;\">, avec le but d\u2019\u00e9veiller la curiosit\u00e9 et l&#8217;int\u00e9r\u00eat des participants pour l&#8217;histoire du personnage et pour le patrimoine de la ville de San Crist\u00f3bal de La Laguna.<\/span><\/p>\n<p style=\"text-align: left;\"><span style=\"font-weight: 400;\">Ce jeu ne pr\u00e9tend exposer aucun argument ni aucune interpr\u00e9tation d\u2019ordre politique, racial ou religieux, et exclut tout positionnement quel qu\u2019il soit. Il s&#8217;agit d&#8217;un jeu dont le seul but est d\u2019offrir un divertissement avec une valeur patrimoniale suppl\u00e9mentaire.<\/span><\/p>\n<p style=\"text-align: left;\"><span style=\"font-weight: 400;\">4 \u2013 L&#8217;organisation n&#8217;est pas responsable des dommages \u00e9ventuels qui pourraient \u00eatre caus\u00e9s au patrimoine naturel et culturel, ni au personnel, li\u00e9s \u00e0 une mauvaise utilisation de ce jeu.<\/span><\/p>\n<p style=\"text-align: left;\"><span style=\"font-weight: 400;\">5 \u2013<\/span><b> Engagements de l&#8217;utilisateur <\/b><span style=\"font-weight: 400;\">: L&#8217;utilisateur accepte et s&#8217;engage \u00e0 avoir un comportement ad\u00e9quat pour le bon d\u00e9roulement de ce jeu. Parmi les mesures civiques \u00e0 accepter, nous soulignons :<\/span><\/p>\n<p style=\"text-align: left;\"><span style=\"font-weight: 400;\">a \u2013 Se d\u00e9placer dans les endroits sp\u00e9cifiques pour les pi\u00e9tons : Marcher sur les trottoirs. Toujours marcher dans les zones pi\u00e9tonnes et traverser les passages pi\u00e9tons d\u00e9sign\u00e9s.<\/span><\/p>\n<p style=\"text-align: left;\"><span style=\"font-weight: 400;\">b &#8211; \u00catre particuli\u00e8rement prudent avec les v\u00e9hicules et les autres usagers de la voie publique. Dans ce but, \u00e9viter de courir, donner la priorit\u00e9 de passage aux autres usagers de la voie publique et \u00eatre attentif \u00e0 la situation environnante. Traverser au niveau des passages pi\u00e9tons et des zones am\u00e9nag\u00e9es \u00e0 cet effet.<\/span><\/p>\n<p style=\"text-align: left;\"><span style=\"font-weight: 400;\">c \u2013 Respecter en permanence le protocole anti-COVID en vigueur. Ne pas former de groupes plus nombreux que ceux \u00e9tablis par la l\u00e9gislation en vigueur, et porter un masque \u00e0 tout moment. \u00c9viter de toucher les \u00e9l\u00e9ments.<\/span><\/p>\n<p style=\"text-align: left;\"><span style=\"font-weight: 400;\">d \u2013 Respecter tous les \u00e9l\u00e9ments du jeu et du patrimoine naturel et culturel de la municipalit\u00e9. Traiter avec respect et attention toutes les ressources patrimoniales qui apparaissent dans le jeu. Ne pas jeter de d\u00e9chets et maintenir une conduite civique en tout temps.<\/span><\/p>\n<p style=\"text-align: left;\"><span style=\"font-weight: 400;\">e \u2013 L&#8217;utilisateur accepte qu&#8217;\u00e9tant donn\u00e9 qu&#8217;il s&#8217;agit d&#8217;un jeu ouvert, il existe une s\u00e9rie de risques que l&#8217;organisation du jeu ne peut pas prendre en charge. Pour cette raison, l&#8217;organisation et ses collaborateurs sont exon\u00e9r\u00e9s de toute responsabilit\u00e9 et ne sont pas responsables des chutes, chocs ou accidents pouvant survenir pendant le jeu. Des pr\u00e9cautions particuli\u00e8res doivent \u00eatre prises dans les zones de circulation routi\u00e8re et avec les divers \u00e9l\u00e9ments de la voie publique.<\/span><\/p>\n<\/div><\/div><\/div><\/div><\/div><\/div><\/div><\/section>\n","protected":false},"excerpt":{"rendered":"1- Le jeu \u201cLe Tr\u00e9sor de Pargo\u201d est un jeu enti\u00e8rement gratuit qui n&#8217;inclut aucun type de publicit\u00e9 ni ne collecte de donn\u00e9es personnelles de l&#8217;utilisateur (au-del\u00e0 de ce que l\u2019utilisateur souhaite partager publiquement sur la page de commentaires et via les cookies d&#8217;utilisation). 2 \u2013 Toutes les informations qui apparaissent dans le jeu ont...","protected":false},"author":2,"featured_media":0,"parent":0,"menu_order":0,"comment_status":"closed","ping_status":"closed","template":"","meta":[],"_links":{"self":[{"href":"https:\/\/tesoropargo.aytolalaguna.es\/inicio\/wp-json\/wp\/v2\/pages\/4621"}],"collection":[{"href":"https:\/\/tesoropargo.aytolalaguna.es\/inicio\/wp-json\/wp\/v2\/pages"}],"about":[{"href":"https:\/\/tesoropargo.aytolalaguna.es\/inicio\/wp-json\/wp\/v2\/types\/page"}],"author":[{"embeddable":true,"href":"https:\/\/tesoropargo.aytolalaguna.es\/inicio\/wp-json\/wp\/v2\/users\/2"}],"replies":[{"embeddable":true,"href":"https:\/\/tesoropargo.aytolalaguna.es\/inicio\/wp-json\/wp\/v2\/comments?post=4621"}],"version-history":[{"count":3,"href":"https:\/\/tesoropargo.aytolalaguna.es\/inicio\/wp-json\/wp\/v2\/pages\/4621\/revisions"}],"predecessor-version":[{"id":4624,"href":"https:\/\/tesoropargo.aytolalaguna.es\/inicio\/wp-json\/wp\/v2\/pages\/4621\/revisions\/4624"}],"wp:attachment":[{"href":"https:\/\/tesoropargo.aytolalaguna.es\/inicio\/wp-json\/wp\/v2\/media?parent=4621"}],"curies":[{"name":"wp","href":"https:\/\/api.w.org\/{rel}","templated":true}]}}