{"id":4467,"date":"2021-09-20T12:44:05","date_gmt":"2021-09-20T12:44:05","guid":{"rendered":"https:\/\/tesoropargo.aytolalaguna.es\/?page_id=4467"},"modified":"2021-10-04T08:44:12","modified_gmt":"2021-10-04T08:44:12","slug":"comienza-la-aventura_fr","status":"publish","type":"page","link":"https:\/\/tesoropargo.aytolalaguna.es\/inicio\/comienza-la-aventura_fr\/","title":{"rendered":"L\u2019aventure commence"},"content":{"rendered":"<section class=\"l-section wpb_row height_medium\"><div class=\"l-section-h i-cf\"><div class=\"g-cols vc_row type_default valign_top\"><div class=\"vc_col-sm-12 wpb_column vc_column_container\"><div class=\"vc_column-inner\"><div class=\"wpb_wrapper\"><h2 class=\"w-post-elm post_title us_custom_6745946f align_center entry-title color_link_inherit has_text_color\">L\u2019aventure commence<\/h2><div class=\"w-separator size_large\"><\/div><div class=\"wpb_text_column\" ><div class=\"wpb_wrapper\"><\/div><\/div>[vc_raw_html css=\u00bb%7B%22default%22%3A%7B%22text-align%22%3A%22center%22%7D%7D\u00bb]JTVCc2NfZW1iZWRfcGxheWVyX3RlbXBsYXRlMSUyMGZpbGV1cmwlM0QlMjJodHRwcyUzQSUyRiUyRnRlc29yb3BhcmdvLmF5dG9sYWxhZ3VuYS5lcyUyRndwLWNvbnRlbnQlMkZ1cGxvYWRzJTJGMjAyMSUyRjEwJTJGMS1MT0NVQ0lPTi1ESVZJRElEQS1GUi5tcDMlMjIlNUQlMEElMEElMEE=[\/vc_raw_html]<div class=\"w-separator size_large\"><\/div><div class=\"g-cols wpb_row  type_default valign_top vc_inner\"><div class=\"vc_col-sm-6 wpb_column vc_column_container\"><div class=\"vc_column-inner\"><div class=\"wpb_wrapper\"><div class=\"wpb_text_column\" ><div class=\"wpb_wrapper\"><\/div><\/div><div class=\"wpb_text_column\" ><div class=\"wpb_wrapper\"><p style=\"text-align: center;\"><span style=\"font-weight: 400;\">Amaro Rodr\u00edguez-Felipe y Tejera Machado &#8211; plus connu sous le nom d\u2019Amaro Pargo &#8211; \u00e9tait un corsaire, pr\u00eateur sur gages et commer\u00e7ant de la ville de La Laguna.\u00a0\u00a0\u00a0\u00a0\u00a0\u00a0\u00a0\u00a0<\/span><\/p>\n<p style=\"text-align: center;\"><span style=\"font-weight: 400;\">En son temps, Amaro a \u00e9t\u00e9 l&#8217;homme le plus riche des \u00eeles Canaries. On raconte qu\u2019il poss\u00e9dait un tr\u00e9sor estim\u00e9 \u00e0 plusieurs millions d\u2019euros, et que ce tr\u00e9sor n\u2019a jamais \u00e9t\u00e9 d\u00e9couvert\u2026<\/span><\/p>\n<p style=\"text-align: center;\"><b>Ton but est de trouver ce tr\u00e9sor l\u00e9gendaire !<\/b><\/p>\n<p style=\"text-align: center;\"><b>En seras-tu capable ?\u00a0<\/b><\/p>\n<\/div><\/div><\/div><\/div><\/div><div class=\"vc_col-sm-6 wpb_column vc_column_container\"><div class=\"vc_column-inner\"><div class=\"wpb_wrapper\"><div class=\"w-image align_center animate_afc\"><div class=\"w-image-h\"><img width=\"900\" height=\"854\" src=\"https:\/\/tesoropargo.aytolalaguna.es\/wp-content\/uploads\/2021\/06\/Amaro_Pargo.jpg\" class=\"attachment-large size-large\" alt=\"\" srcset=\"https:\/\/tesoropargo.aytolalaguna.es\/wp-content\/uploads\/2021\/06\/Amaro_Pargo.jpg 900w, https:\/\/tesoropargo.aytolalaguna.es\/wp-content\/uploads\/2021\/06\/Amaro_Pargo-300x285.jpg 300w, https:\/\/tesoropargo.aytolalaguna.es\/wp-content\/uploads\/2021\/06\/Amaro_Pargo-200x190.jpg 200w\" sizes=\"(max-width: 900px) 100vw, 900px\" \/><\/div><\/div><\/div><\/div><\/div><\/div><\/div><\/div><\/div><\/div><\/div><\/section><section class=\"l-section wpb_row height_full valign_top with_img with_shape\"><div class=\"l-section-img\" style=\"background-image: url(https:\/\/tesoropargo.aytolalaguna.es\/wp-content\/uploads\/2021\/06\/FONDO-PARA-ACERTIJO-2_calavera-arriba.jpg);background-position: top center;background-repeat: no-repeat;\" data-img-width=\"1055\" data-img-height=\"1500\"><\/div><div class=\"l-section-shape type_custom pos_top\" style=\"color:var(--color-content-bg);\"><svg xmlns=\"http:\/\/www.w3.org\/2000\/svg\" viewBox=\"0 0 1000 100\" preserveAspectRatio=\"none\" width=\"100%\" height=\"100%\" fill=\"currentColor\">\r\n<\/svg><\/div><div class=\"l-section-h i-cf\"><div class=\"g-cols vc_row type_default valign_top\"><div class=\"vc_col-sm-12 wpb_column vc_column_container\"><div class=\"vc_column-inner\"><div class=\"wpb_wrapper\"><div class=\"w-separator size_custom\" style=\"height:120px\"><\/div><div class=\"wpb_text_column\" ><div class=\"wpb_wrapper\"><h2 style=\"text-align: center;\">SITUATION<\/h2>\n<\/div><\/div><div class=\"wpb_text_column\" ><div class=\"wpb_wrapper\"><p style=\"text-align: center;\"><span style=\"font-weight: 400;\">\u00a0S\u2019il existe un endroit o\u00f9 chercher les traces du pass\u00e9, c\u2019est bien la ville de San Crist\u00f3bal de La Laguna.<\/span><\/p>\n<p style=\"text-align: center;\"><span style=\"font-weight: 400;\">Dirige-toi vers<\/span><b> l\u2019\u00e9glise de La Conception de San Crist\u00f3bal de La Laguna.<\/b><span style=\"font-weight: 400;\">.\u00a0\u00a0<\/span><\/p>\n<p style=\"text-align: center;\"><a href=\"https:\/\/goo.gl\/maps\/YsbVmaR6EC9pQU8n7\" target=\"_blank\" rel=\"noopener\"><img class=\"aligncenter wp-image-3479 size-medium\" src=\"https:\/\/tesoropargo.aytolalaguna.es\/wp-content\/uploads\/2021\/06\/ICONO-PARA-LOS-MAPAS-300x217.png\" alt=\"\" width=\"300\" height=\"217\" srcset=\"https:\/\/tesoropargo.aytolalaguna.es\/wp-content\/uploads\/2021\/06\/ICONO-PARA-LOS-MAPAS-300x217.png 300w, https:\/\/tesoropargo.aytolalaguna.es\/wp-content\/uploads\/2021\/06\/ICONO-PARA-LOS-MAPAS-200x145.png 200w, https:\/\/tesoropargo.aytolalaguna.es\/wp-content\/uploads\/2021\/06\/ICONO-PARA-LOS-MAPAS.png 400w\" sizes=\"(max-width: 300px) 100vw, 300px\" \/><\/a><\/p>\n<p style=\"text-align: center;\"><span style=\"font-weight: 400;\">Une fois que tu y es, clique sur le bouton \u201cProchain indice\u201d<\/span><\/p>\n<\/div><\/div><div class=\"w-btn-wrapper width_auto align_center\"><a class=\"w-btn us-btn-style_1\" title=\"La torre de la Concepci\u00f3n\" href=\"https:\/\/tesoropargo.aytolalaguna.es\/la-torre-de-la-concepcion_fr\/\"><span class=\"w-btn-label\">PROCHAIN INDICE<\/span><\/a><\/div><\/div><\/div><\/div><\/div><\/div><\/section>\n","protected":false},"excerpt":{"rendered":"L\u2019aventure commence[vc_raw_html css=\"%7B%22default%22%3A%7B%22text-align%22%3A%22center%22%7D%7D\"]JTVCc2NfZW1iZWRfcGxheWVyX3RlbXBsYXRlMSUyMGZpbGV1cmwlM0QlMjJodHRwcyUzQSUyRiUyRnRlc29yb3BhcmdvLmF5dG9sYWxhZ3VuYS5lcyUyRndwLWNvbnRlbnQlMkZ1cGxvYWRzJTJGMjAyMSUyRjEwJTJGMS1MT0NVQ0lPTi1ESVZJRElEQS1GUi5tcDMlMjIlNUQlMEElMEElMEE=[\/vc_raw_html]Amaro Rodr\u00edguez-Felipe y Tejera Machado &#8211; plus connu sous le nom d\u2019Amaro Pargo &#8211; \u00e9tait un corsaire, pr\u00eateur sur gages et commer\u00e7ant de la ville de La Laguna.\u00a0\u00a0\u00a0\u00a0\u00a0\u00a0\u00a0\u00a0 En son temps, Amaro a \u00e9t\u00e9 l&#8217;homme le plus riche des \u00eeles Canaries. On raconte qu\u2019il poss\u00e9dait un tr\u00e9sor estim\u00e9 \u00e0 plusieurs millions d\u2019euros, et...","protected":false},"author":2,"featured_media":0,"parent":0,"menu_order":0,"comment_status":"closed","ping_status":"closed","template":"","meta":[],"_links":{"self":[{"href":"https:\/\/tesoropargo.aytolalaguna.es\/inicio\/wp-json\/wp\/v2\/pages\/4467"}],"collection":[{"href":"https:\/\/tesoropargo.aytolalaguna.es\/inicio\/wp-json\/wp\/v2\/pages"}],"about":[{"href":"https:\/\/tesoropargo.aytolalaguna.es\/inicio\/wp-json\/wp\/v2\/types\/page"}],"author":[{"embeddable":true,"href":"https:\/\/tesoropargo.aytolalaguna.es\/inicio\/wp-json\/wp\/v2\/users\/2"}],"replies":[{"embeddable":true,"href":"https:\/\/tesoropargo.aytolalaguna.es\/inicio\/wp-json\/wp\/v2\/comments?post=4467"}],"version-history":[{"count":8,"href":"https:\/\/tesoropargo.aytolalaguna.es\/inicio\/wp-json\/wp\/v2\/pages\/4467\/revisions"}],"predecessor-version":[{"id":5023,"href":"https:\/\/tesoropargo.aytolalaguna.es\/inicio\/wp-json\/wp\/v2\/pages\/4467\/revisions\/5023"}],"wp:attachment":[{"href":"https:\/\/tesoropargo.aytolalaguna.es\/inicio\/wp-json\/wp\/v2\/media?parent=4467"}],"curies":[{"name":"wp","href":"https:\/\/api.w.org\/{rel}","templated":true}]}}