{"id":3312,"date":"2021-06-14T21:03:42","date_gmt":"2021-06-14T21:03:42","guid":{"rendered":"https:\/\/tesoropargo.aytolalaguna.es\/?page_id=3312"},"modified":"2021-08-17T07:01:46","modified_gmt":"2021-08-17T07:01:46","slug":"la-torre-de-la-concepcion","status":"publish","type":"page","link":"https:\/\/tesoropargo.aytolalaguna.es\/inicio\/la-torre-de-la-concepcion\/","title":{"rendered":"La torre de la Concepci\u00f3n"},"content":{"rendered":"<section class=\"l-section wpb_row height_medium\"><div class=\"l-section-h i-cf\"><div class=\"g-cols vc_row type_default valign_top\"><div class=\"vc_col-sm-12 wpb_column vc_column_container\"><div class=\"vc_column-inner\"><div class=\"wpb_wrapper\"><h2 class=\"w-post-elm post_title us_custom_6745946f align_center entry-title color_link_inherit has_text_color\">La torre de la Concepci\u00f3n<\/h2><div class=\"w-separator size_medium\"><\/div>[vc_raw_html]JTVCc2NfZW1iZWRfcGxheWVyX3RlbXBsYXRlMSUyMGZpbGV1cmwlM0QlMjJodHRwcyUzQSUyRiUyRnRlc29yb3BhcmdvLmF5dG9sYWxhZ3VuYS5lcyUyRndwLWNvbnRlbnQlMkZ1cGxvYWRzJTJGMjAyMSUyRjA2JTJGMy1MYS10b3JyZS1kZS1sYS1jb25jZXBjaW9uLm1wMyUyMiU1RA==[\/vc_raw_html]<div class=\"w-separator size_medium\"><\/div><div class=\"g-cols wpb_row  type_default valign_top vc_inner\"><div class=\"vc_col-sm-6 wpb_column vc_column_container\"><div class=\"vc_column-inner\"><div class=\"wpb_wrapper\"><div class=\"w-image align_center animate_afc\"><div class=\"w-image-h\"><img width=\"700\" height=\"523\" src=\"https:\/\/tesoropargo.aytolalaguna.es\/wp-content\/uploads\/2021\/06\/La-Concepcion-2.jpg\" class=\"attachment-large size-large\" alt=\"\" srcset=\"https:\/\/tesoropargo.aytolalaguna.es\/wp-content\/uploads\/2021\/06\/La-Concepcion-2.jpg 700w, https:\/\/tesoropargo.aytolalaguna.es\/wp-content\/uploads\/2021\/06\/La-Concepcion-2-300x224.jpg 300w, https:\/\/tesoropargo.aytolalaguna.es\/wp-content\/uploads\/2021\/06\/La-Concepcion-2-200x149.jpg 200w, https:\/\/tesoropargo.aytolalaguna.es\/wp-content\/uploads\/2021\/06\/La-Concepcion-2-535x400.jpg 535w\" sizes=\"(max-width: 700px) 100vw, 700px\" \/><\/div><\/div><\/div><\/div><\/div><div class=\"vc_col-sm-6 wpb_column vc_column_container\"><div class=\"vc_column-inner\"><div class=\"wpb_wrapper\"><div class=\"wpb_text_column\" ><div class=\"wpb_wrapper\"><p><span style=\"font-weight: 400;\">Te damos la bienvenida a San Crist\u00f3bal de La Laguna. Una ciudad declarada Patrimonio de la Humanidad por la UNESCO en 1999 y cuyas calles esconden cientos de leyendas e historias incre\u00edbles.<\/span><\/p>\n<p><span style=\"font-weight: 400;\">Te encuentras ahora\u00a0 en\u00a0 uno de los n\u00facleos fundacionales de la ciudad. La torre de la Iglesia de la Concepci\u00f3n, con sus 28 metros de altura, constituye un elemento emblem\u00e1tico de la ciudad de La Laguna.\u00a0<\/span><\/p>\n<\/div><\/div><\/div><\/div><\/div><\/div><\/div><\/div><\/div><\/div><\/div><\/section><section class=\"l-section wpb_row height_full valign_top with_img with_shape\"><div class=\"l-section-img\" style=\"background-image: url(https:\/\/tesoropargo.aytolalaguna.es\/wp-content\/uploads\/2021\/06\/FONDO-PARA-ACERTIJO-2_calavera-arriba.jpg);background-position: top center;background-repeat: no-repeat;\" data-img-width=\"1055\" data-img-height=\"1500\"><\/div><div class=\"l-section-shape type_custom pos_top\" style=\"color:var(--color-content-bg);\"><svg xmlns=\"http:\/\/www.w3.org\/2000\/svg\" viewBox=\"0 0 1000 100\" preserveAspectRatio=\"none\" width=\"100%\" height=\"100%\" fill=\"currentColor\">\r\n<\/svg><\/div><div class=\"l-section-h i-cf\"><div class=\"g-cols vc_row type_default valign_top\"><div class=\"vc_col-sm-12 wpb_column vc_column_container\"><div class=\"vc_column-inner\"><div class=\"wpb_wrapper\"><div class=\"w-separator size_custom\" style=\"height:120px\"><\/div><div class=\"wpb_text_column\" ><div class=\"wpb_wrapper\"><h2 style=\"text-align: center;\">Acertijo<\/h2>\n<\/div><\/div><div class=\"w-separator size_medium\"><\/div><div class=\"wpb_text_column\" ><div class=\"wpb_wrapper\"><p style=\"text-align: center;\">Para conseguir la siguiente pista debes de observar la torre de la concepci\u00f3n. \u00bfPodr\u00edas decirme cu\u00e1ntas <strong>ventanas cerradas<\/strong> tiene?<\/p>\n<\/div><\/div><div class=\"w-separator size_medium\"><\/div><div class=\"wptrigger_contents\"><a name=\"wptriggers2\"><\/a><div class=\"wptrigger_contents\">\r\n\t\t\t<div class=\"wptrigger_content\"> <input type=\"text\" class=\"wptgg_pass_key1 wptrigger1   wptrigger2-triggerbox\" placeholder=\"Introduce la soluci\u00f3n aqu\u00ed\"  \/> <input type=\"submit\" class=\"alignment below_100_100 wptrigger2-button\" style=\"\" value=\"COMPROBAR\"><\/input><span class=\"wptgg_action\">&nbsp;<\/span>\r\n\t\t\t<div class=\"wptrigger_append\"><\/div>\r\n\t\t<\/div>\r\n\t<\/div><form class=\"wptgg_form\" method=\"post\" action=\"\">\r\n\t\t<input type=\"hidden\" class = \"hi_wptgg_id\" value=\"2\" \/>\r\n\t\t<input type=\"hidden\" class = \"hi_pass_key\" value=\"\" \/>\r\n\t\t<input type=\"hidden\" class = \"hi_wptgg_num\" value=\"1\" \/>\r\n\t\t<input type=\"hidden\" name=\"\" class=\"hi_wptrr_pass_keys\" value=\"\" \/>\r\n\t\t<input type=\"hidden\" name=\"hi_wptgg_history_id\" class=\"hi_wptgg_history_id\" value=\"\" \/>\r\n\t\t<input type=\"hidden\" name=\"hi_wptgg_optinbox_sent\" class=\"hi_wptgg_optinbox_sent\" value=\"false\" \/>\r\n\t<\/form><\/div>\r\n\r\n<\/div><\/div><\/div><\/div><\/div><\/section><section class=\"l-section wpb_row us_custom_d4456c59 height_medium\"><div class=\"l-section-h i-cf\"><div class=\"g-cols vc_row type_default valign_top\"><div class=\"vc_col-sm-4 wpb_column vc_column_container\"><div class=\"vc_column-inner\"><div class=\"wpb_wrapper\"><div class=\"w-tabs us_custom_e4eb24e1 style_default switch_click accordion has_scrolling title_atcenter icon_chevron iconpos_right\"><div class=\"w-tabs-sections\"><div class=\"w-tabs-sections-h\"><div class=\"w-tabs-section with_icon\" id=\"1623947364509-9de55e98-98343270-5b024ee2-822e\"><button aria-controls=\"content-1623947364509-9de55e98-98343270-5b024ee2-822e\" class=\"w-tabs-section-header\"><div class=\"w-tabs-section-header-h\"><i class=\"fal fa-compass\"><\/i><h5 class=\"w-tabs-section-title\">\u00a1Necesito ayuda! &#8211; PISTAS<\/h5><div class=\"w-tabs-section-control\"><\/div><\/div><\/button><div class=\"w-tabs-section-content\" id=\"content-1623947364509-9de55e98-98343270-5b024ee2-822e\" aria-expanded=\"false\"><div class=\"w-tabs-section-content-h i-cf\"><div class=\"wpb_text_column\" ><div class=\"wpb_wrapper\"><p>Pulsa en las pistas para descubrirlas. Intenta usar el menor n\u00famero de pistas posibles.<\/p>\n<\/div><\/div><div class=\"w-flipbox animation_cardflip direction_w\"><div class=\"w-flipbox-h easing_ease\" style=\"transition-duration:0.5s;\"><div class=\"w-flipbox-hh\"><div class=\"w-flipbox-front \" style=\"background:var(--color-header-transparent-bg);color:#333333;background-image:url(https:\/\/tesoropargo.aytolalaguna.es\/wp-content\/uploads\/2021\/06\/WhatsApp-Image-2021-06-18-at-16.12.59.jpeg);\"><div class=\"w-flipbox-front-h\"><h4 class=\"w-flipbox-front-title\" style=\"color:#333333;\">Pista 1<\/h4><\/div><\/div><div class=\"w-flipbox-back \" style=\"display:none;\"><div class=\"w-flipbox-back-h\"><div class=\"w-flipbox-back-desc\"><p>Busca en la torre negra las ventanas<\/p>\n<\/div><\/div><\/div><\/div><\/div><\/div><div class=\"w-separator size_medium\"><\/div><div class=\"w-flipbox animation_cardflip direction_w\"><div class=\"w-flipbox-h easing_ease\" style=\"transition-duration:0.5s;\"><div class=\"w-flipbox-hh\"><div class=\"w-flipbox-front \" style=\"background:var(--color-header-transparent-bg);color:#333333;background-image:url(https:\/\/tesoropargo.aytolalaguna.es\/wp-content\/uploads\/2021\/06\/WhatsApp-Image-2021-06-18-at-16.12.59.jpeg);\"><div class=\"w-flipbox-front-h\"><h4 class=\"w-flipbox-front-title\" style=\"color:#333333;\">Pista 2<\/h4><\/div><\/div><div class=\"w-flipbox-back \" style=\"display:none;\"><div class=\"w-flipbox-back-h\"><div class=\"w-flipbox-back-desc\"><p>Busca en todos los lados de la torre<\/p>\n<\/div><\/div><\/div><\/div><\/div><\/div><div class=\"w-separator size_medium\"><\/div><div class=\"w-flipbox animation_cardflip direction_w\"><div class=\"w-flipbox-h easing_ease\" style=\"transition-duration:0.5s;\"><div class=\"w-flipbox-hh\"><div class=\"w-flipbox-front \" style=\"background:var(--color-header-transparent-bg);color:#333333;background-image:url(https:\/\/tesoropargo.aytolalaguna.es\/wp-content\/uploads\/2021\/06\/WhatsApp-Image-2021-06-18-at-16.12.59.jpeg);\"><div class=\"w-flipbox-front-h\"><h4 class=\"w-flipbox-front-title\" style=\"color:#333333;\">Pista 3<\/h4><\/div><\/div><div class=\"w-flipbox-back \" style=\"display:none;\"><div class=\"w-flipbox-back-h\"><div class=\"w-flipbox-back-desc\"><p>El n\u00famero a introducir est\u00e1 entre 10 y 20 ventanas<\/p>\n<\/div><\/div><\/div><\/div><\/div><\/div><div class=\"w-separator size_medium\"><\/div><div class=\"wpb_text_column\" ><div class=\"wpb_wrapper\"><p style=\"text-align: center;\">\u00bfNo lo logras ni con las pistas? Puedes pedir la soluci\u00f3n en el siguiente enlace:<\/p>\n<\/div><\/div><div class=\"w-flipbox animation_cardflip direction_w\"><div class=\"w-flipbox-h easing_ease\" style=\"transition-duration:0.5s;\"><div class=\"w-flipbox-hh\"><div class=\"w-flipbox-front \" style=\"background:var(--color-content-secondary);color:#ffffff;\"><div class=\"w-flipbox-front-h\"><h4 class=\"w-flipbox-front-title\" style=\"color:#ffffff;\">\u00bfSoluci\u00f3n?<\/h4><\/div><\/div><div class=\"w-flipbox-back \" style=\"display:none;\"><div class=\"w-flipbox-back-h\"><div class=\"w-flipbox-back-desc\"><p>14 son las ventanas que tiene la torre negra<\/p>\n<\/div><\/div><\/div><\/div><\/div><\/div><\/div><\/div><\/div><\/div><\/div><\/div><div class=\"w-hwrapper align_left valign_top wrap\"><\/div><\/div><\/div><\/div><div class=\"vc_col-sm-4 wpb_column vc_column_container\"><div class=\"vc_column-inner\"><div class=\"wpb_wrapper\"><\/div><\/div><\/div><div class=\"vc_col-sm-4 wpb_column vc_column_container\"><div class=\"vc_column-inner\"><div class=\"wpb_wrapper\"><\/div><\/div><\/div><\/div><\/div><\/section>\n","protected":false},"excerpt":{"rendered":"La torre de la Concepci\u00f3n[vc_raw_html]JTVCc2NfZW1iZWRfcGxheWVyX3RlbXBsYXRlMSUyMGZpbGV1cmwlM0QlMjJodHRwcyUzQSUyRiUyRnRlc29yb3BhcmdvLmF5dG9sYWxhZ3VuYS5lcyUyRndwLWNvbnRlbnQlMkZ1cGxvYWRzJTJGMjAyMSUyRjA2JTJGMy1MYS10b3JyZS1kZS1sYS1jb25jZXBjaW9uLm1wMyUyMiU1RA==[\/vc_raw_html]Te damos la bienvenida a San Crist\u00f3bal de La Laguna. Una ciudad declarada Patrimonio de la Humanidad por la UNESCO en 1999 y cuyas calles esconden cientos de leyendas e historias incre\u00edbles. Te encuentras ahora\u00a0 en\u00a0 uno de los n\u00facleos fundacionales de la ciudad. La torre de la Iglesia de la...","protected":false},"author":1,"featured_media":0,"parent":0,"menu_order":0,"comment_status":"closed","ping_status":"closed","template":"","meta":[],"_links":{"self":[{"href":"https:\/\/tesoropargo.aytolalaguna.es\/inicio\/wp-json\/wp\/v2\/pages\/3312"}],"collection":[{"href":"https:\/\/tesoropargo.aytolalaguna.es\/inicio\/wp-json\/wp\/v2\/pages"}],"about":[{"href":"https:\/\/tesoropargo.aytolalaguna.es\/inicio\/wp-json\/wp\/v2\/types\/page"}],"author":[{"embeddable":true,"href":"https:\/\/tesoropargo.aytolalaguna.es\/inicio\/wp-json\/wp\/v2\/users\/1"}],"replies":[{"embeddable":true,"href":"https:\/\/tesoropargo.aytolalaguna.es\/inicio\/wp-json\/wp\/v2\/comments?post=3312"}],"version-history":[{"count":30,"href":"https:\/\/tesoropargo.aytolalaguna.es\/inicio\/wp-json\/wp\/v2\/pages\/3312\/revisions"}],"predecessor-version":[{"id":4151,"href":"https:\/\/tesoropargo.aytolalaguna.es\/inicio\/wp-json\/wp\/v2\/pages\/3312\/revisions\/4151"}],"wp:attachment":[{"href":"https:\/\/tesoropargo.aytolalaguna.es\/inicio\/wp-json\/wp\/v2\/media?parent=3312"}],"curies":[{"name":"wp","href":"https:\/\/api.w.org\/{rel}","templated":true}]}}